[INFO] cloning repository https://github.com/lidavidm/incrementalrust
[INFO] running `Command { std: "git" "-c" "credential.helper=" "-c" "credential.helper=/workspace/cargo-home/bin/git-credential-null" "clone" "--bare" "https://github.com/lidavidm/incrementalrust" "/workspace/cache/git-repos/https%3A%2F%2Fgithub.com%2Flidavidm%2Fincrementalrust", kill_on_drop: false }`
[INFO] [stderr] Cloning into bare repository '/workspace/cache/git-repos/https%3A%2F%2Fgithub.com%2Flidavidm%2Fincrementalrust'...
[INFO] running `Command { std: "git" "rev-parse" "HEAD", kill_on_drop: false }`
[INFO] [stdout] 71953bf836e42523f659785fd478d42322bb88c1
[INFO] checking lidavidm/incrementalrust against master#af3c6e733a40e671550e0f0f5aeecaa13772ba56 for pr-74989
[INFO] running `Command { std: "git" "clone" "/workspace/cache/git-repos/https%3A%2F%2Fgithub.com%2Flidavidm%2Fincrementalrust" "/workspace/builds/worker-10/source", kill_on_drop: false }`
[INFO] [stderr] Cloning into '/workspace/builds/worker-10/source'...
[INFO] [stderr] done.
[INFO] validating manifest of git repo https://github.com/lidavidm/incrementalrust on toolchain af3c6e733a40e671550e0f0f5aeecaa13772ba56
[INFO] running `Command { std: "/workspace/cargo-home/bin/cargo" "+af3c6e733a40e671550e0f0f5aeecaa13772ba56" "read-manifest" "--manifest-path" "Cargo.toml", kill_on_drop: false }`
[INFO] started tweaking git repo https://github.com/lidavidm/incrementalrust
[INFO] removed path dependency sexp from git repo https://github.com/lidavidm/incrementalrust
[INFO] finished tweaking git repo https://github.com/lidavidm/incrementalrust
[INFO] tweaked toml for git repo https://github.com/lidavidm/incrementalrust written to /workspace/builds/worker-10/source/Cargo.toml
[INFO] crate git repo https://github.com/lidavidm/incrementalrust already has a lockfile, it will not be regenerated
[INFO] running `Command { std: "/workspace/cargo-home/bin/cargo" "+af3c6e733a40e671550e0f0f5aeecaa13772ba56" "fetch" "--locked" "--manifest-path" "Cargo.toml", kill_on_drop: false }`
[INFO] [stderr] warning: dependency (sexp) specified without providing a local path, Git repository, or version to use. This will be considered an error in future versions
[INFO] [stderr]     Blocking waiting for file lock on package cache
[INFO] [stderr]     Updating crates.io index
[INFO] [stderr] error: the lock file /workspace/builds/worker-10/source/Cargo.lock needs to be updated but --locked was passed to prevent this
[INFO] [stderr] If you want to try to generate the lock file without accessing the network, use the --offline flag.
[INFO] the lockfile is outdated, regenerating it
[INFO] running `Command { std: "/workspace/cargo-home/bin/cargo" "+af3c6e733a40e671550e0f0f5aeecaa13772ba56" "generate-lockfile" "--manifest-path" "Cargo.toml" "-Zno-index-update", kill_on_drop: false }`
[INFO] running `Command { std: "/workspace/cargo-home/bin/cargo" "+af3c6e733a40e671550e0f0f5aeecaa13772ba56" "fetch" "--locked" "--manifest-path" "Cargo.toml", kill_on_drop: false }`
[INFO] [stderr] warning: dependency (sexp) specified without providing a local path, Git repository, or version to use. This will be considered an error in future versions
[INFO] [stderr]     Blocking waiting for file lock on package cache
[INFO] running `Command { std: "docker" "create" "-v" "/var/lib/crater-agent-workspace/builds/worker-10/target:/opt/rustwide/target:rw,Z" "-v" "/var/lib/crater-agent-workspace/builds/worker-10/source:/opt/rustwide/workdir:ro,Z" "-v" "/var/lib/crater-agent-workspace/cargo-home:/opt/rustwide/cargo-home:ro,Z" "-v" "/var/lib/crater-agent-workspace/rustup-home:/opt/rustwide/rustup-home:ro,Z" "-e" "SOURCE_DIR=/opt/rustwide/workdir" "-e" "CARGO_TARGET_DIR=/opt/rustwide/target" "-e" "CARGO_HOME=/opt/rustwide/cargo-home" "-e" "RUSTUP_HOME=/opt/rustwide/rustup-home" "-w" "/opt/rustwide/workdir" "-m" "1610612736" "--user" "0:0" "--network" "none" "rustops/crates-build-env@sha256:d92eaeed33fa75130ca1ee6c8a01d1ffb62bac859dfdfb3450e3e5d1c0146529" "/opt/rustwide/cargo-home/bin/cargo" "+af3c6e733a40e671550e0f0f5aeecaa13772ba56" "metadata" "--no-deps" "--format-version=1", kill_on_drop: false }`
[INFO] [stderr] WARNING: Your kernel does not support swap limit capabilities or the cgroup is not mounted. Memory limited without swap.
[INFO] [stdout] 5697ec85e46ebf63c90fe6e01d55a822bb249f42a971d58b7208474a4a05b752
[INFO] running `Command { std: "docker" "start" "-a" "5697ec85e46ebf63c90fe6e01d55a822bb249f42a971d58b7208474a4a05b752", kill_on_drop: false }`
[INFO] running `Command { std: "docker" "inspect" "5697ec85e46ebf63c90fe6e01d55a822bb249f42a971d58b7208474a4a05b752", kill_on_drop: false }`
[INFO] running `Command { std: "docker" "rm" "-f" "5697ec85e46ebf63c90fe6e01d55a822bb249f42a971d58b7208474a4a05b752", kill_on_drop: false }`
[INFO] [stdout] 5697ec85e46ebf63c90fe6e01d55a822bb249f42a971d58b7208474a4a05b752
[INFO] running `Command { std: "docker" "create" "-v" "/var/lib/crater-agent-workspace/builds/worker-10/target:/opt/rustwide/target:rw,Z" "-v" "/var/lib/crater-agent-workspace/builds/worker-10/source:/opt/rustwide/workdir:ro,Z" "-v" "/var/lib/crater-agent-workspace/cargo-home:/opt/rustwide/cargo-home:ro,Z" "-v" "/var/lib/crater-agent-workspace/rustup-home:/opt/rustwide/rustup-home:ro,Z" "-e" "SOURCE_DIR=/opt/rustwide/workdir" "-e" "CARGO_TARGET_DIR=/opt/rustwide/target" "-e" "CARGO_INCREMENTAL=0" "-e" "RUST_BACKTRACE=full" "-e" "RUSTFLAGS=--cap-lints=forbid" "-e" "CARGO_HOME=/opt/rustwide/cargo-home" "-e" "RUSTUP_HOME=/opt/rustwide/rustup-home" "-w" "/opt/rustwide/workdir" "-m" "1610612736" "--user" "0:0" "--network" "none" "rustops/crates-build-env@sha256:d92eaeed33fa75130ca1ee6c8a01d1ffb62bac859dfdfb3450e3e5d1c0146529" "/opt/rustwide/cargo-home/bin/cargo" "+af3c6e733a40e671550e0f0f5aeecaa13772ba56" "check" "--frozen" "--all" "--all-targets" "--message-format=json", kill_on_drop: false }`
[INFO] [stdout] 7d4211bbf31154569946983367df3ea5f68b8ef9a55f8d0e88de3a2f135dee1d
[INFO] [stderr] WARNING: Your kernel does not support swap limit capabilities or the cgroup is not mounted. Memory limited without swap.
[INFO] running `Command { std: "docker" "start" "-a" "7d4211bbf31154569946983367df3ea5f68b8ef9a55f8d0e88de3a2f135dee1d", kill_on_drop: false }`
[INFO] [stderr] warning: dependency (sexp) specified without providing a local path, Git repository, or version to use. This will be considered an error in future versions
[INFO] [stderr]     Checking sexp v1.1.4
[INFO] [stderr]     Checking rand v0.4.6
[INFO] [stderr]     Checking rand v0.3.23
[INFO] [stderr]     Checking tempfile v2.2.0
[INFO] [stderr]     Checking incrementalrust v0.1.0 (/opt/rustwide/workdir)
[INFO] [stdout] warning: the item `Path` is imported redundantly
[INFO] [stdout]    --> src/main.rs:826:9
[INFO] [stdout]     |
[INFO] [stdout] 7   | use std::path::Path;
[INFO] [stdout]     |     --------------- the item `Path` is already imported here
[INFO] [stdout] ...
[INFO] [stdout] 826 |     use std::path::Path;
[INFO] [stdout]     |         ^^^^^^^^^^^^^^^
[INFO] [stdout]     |
[INFO] [stdout]     = note: `#[warn(unused_imports)]` on by default
[INFO] [stdout] 
[INFO] [stdout] 
[INFO] [stdout] warning: use of deprecated trait `std::ascii::AsciiExt`: use inherent methods instead
[INFO] [stdout]    --> src/main.rs:332:13
[INFO] [stdout]     |
[INFO] [stdout] 332 |         use std::ascii::AsciiExt;
[INFO] [stdout]     |             ^^^^^^^^^^^^^^^^^^^^
[INFO] [stdout]     |
[INFO] [stdout]     = note: `#[warn(deprecated)]` on by default
[INFO] [stdout] 
[INFO] [stdout] 
[INFO] [stdout] warning: the item `Path` is imported redundantly
[INFO] [stdout]    --> src/main.rs:826:9
[INFO] [stdout]     |
[INFO] [stdout] 7   | use std::path::Path;
[INFO] [stdout]     |     --------------- the item `Path` is already imported here
[INFO] [stdout] ...
[INFO] [stdout] 826 |     use std::path::Path;
[INFO] [stdout]     |         ^^^^^^^^^^^^^^^
[INFO] [stdout]     |
[INFO] [stdout]     = note: `#[warn(unused_imports)]` on by default
[INFO] [stdout] 
[INFO] [stdout] 
[INFO] [stdout] warning: use of deprecated trait `std::ascii::AsciiExt`: use inherent methods instead
[INFO] [stdout]    --> src/main.rs:332:13
[INFO] [stdout]     |
[INFO] [stdout] 332 |         use std::ascii::AsciiExt;
[INFO] [stdout]     |             ^^^^^^^^^^^^^^^^^^^^
[INFO] [stdout]     |
[INFO] [stdout]     = note: `#[warn(deprecated)]` on by default
[INFO] [stdout] 
[INFO] [stdout] 
[INFO] [stdout] error[E0599]: no variant or associated item named `N` found for enum `sexp::Atom` in the current scope
[INFO] [stdout]    --> src/main.rs:158:37
[INFO] [stdout]     |
[INFO] [stdout] 158 |             if let Sexp::Atom(Atom::N(ref construct)) = head[0] {
[INFO] [stdout]     |                                     ^
[INFO] [stdout]     |                                     |
[INFO] [stdout]     |                                     variant or associated item not found in `sexp::Atom`
[INFO] [stdout]     |                                     help: there is a variant with a similar name: `S`
[INFO] [stdout] 
[INFO] [stdout] 
[INFO] [stdout] error[E0599]: no variant or associated item named `N` found for enum `sexp::Atom` in the current scope
[INFO] [stdout]    --> src/main.rs:206:49
[INFO] [stdout]     |
[INFO] [stdout] 206 |                         if let Sexp::Atom(Atom::N(ref arg)) = *arg {
[INFO] [stdout]     |                                                 ^
[INFO] [stdout]     |                                                 |
[INFO] [stdout]     |                                                 variant or associated item not found in `sexp::Atom`
[INFO] [stdout]     |                                                 help: there is a variant with a similar name: `S`
[INFO] [stdout] 
[INFO] [stdout] 
[INFO] [stdout] error[E0599]: no variant or associated item named `N` found for enum `sexp::Atom` in the current scope
[INFO] [stdout]    --> src/main.rs:215:49
[INFO] [stdout]     |
[INFO] [stdout] 215 |                         if let Sexp::Atom(Atom::N(ref arg)) = *arg {
[INFO] [stdout]     |                                                 ^
[INFO] [stdout]     |                                                 |
[INFO] [stdout]     |                                                 variant or associated item not found in `sexp::Atom`
[INFO] [stdout]     |                                                 help: there is a variant with a similar name: `S`
[INFO] [stdout] 
[INFO] [stdout] 
[INFO] [stdout] error[E0599]: no variant or associated item named `N` found for enum `sexp::Atom` in the current scope
[INFO] [stdout]    --> src/main.rs:230:57
[INFO] [stdout]     |
[INFO] [stdout] 230 |                     let label = if let Sexp::Atom(Atom::N(ref label)) = label[0] {
[INFO] [stdout]     |                                                         ^
[INFO] [stdout]     |                                                         |
[INFO] [stdout]     |                                                         variant or associated item not found in `sexp::Atom`
[INFO] [stdout]     |                                                         help: there is a variant with a similar name: `S`
[INFO] [stdout] 
[INFO] [stdout] 
[INFO] [stdout] error[E0599]: no variant or associated item named `N` found for enum `sexp::Atom` in the current scope
[INFO] [stdout]    --> src/main.rs:341:19
[INFO] [stdout]     |
[INFO] [stdout] 341 |             Atom::N(ref name) => panic!("Unbound name: {}", name),
[INFO] [stdout]     |                   ^
[INFO] [stdout]     |                   |
[INFO] [stdout]     |                   variant or associated item not found in `sexp::Atom`
[INFO] [stdout]     |                   help: there is a variant with a similar name: `S`
[INFO] [stdout] 
[INFO] [stdout] 
[INFO] [stdout] error[E0599]: no variant or associated item named `B` found for enum `sexp::Atom` in the current scope
[INFO] [stdout]    --> src/main.rs:343:19
[INFO] [stdout]     |
[INFO] [stdout] 343 |             Atom::B(true) => 0b10011111,
[INFO] [stdout]     |                   ^
[INFO] [stdout]     |                   |
[INFO] [stdout]     |                   variant or associated item not found in `sexp::Atom`
[INFO] [stdout]     |                   help: there is a variant with a similar name: `S`
[INFO] [stdout] 
[INFO] [stdout] 
[INFO] [stdout] error[E0599]: no variant or associated item named `B` found for enum `sexp::Atom` in the current scope
[INFO] [stdout]    --> src/main.rs:344:19
[INFO] [stdout]     |
[INFO] [stdout] 344 |             Atom::B(false) => 0b00011111,
[INFO] [stdout]     |                   ^
[INFO] [stdout]     |                   |
[INFO] [stdout]     |                   variant or associated item not found in `sexp::Atom`
[INFO] [stdout]     |                   help: there is a variant with a similar name: `S`
[INFO] [stdout] 
[INFO] [stdout] 
[INFO] [stdout] error[E0599]: no variant or associated item named `C` found for enum `sexp::Atom` in the current scope
[INFO] [stdout]    --> src/main.rs:345:19
[INFO] [stdout]     |
[INFO] [stdout] 345 |             Atom::C(chr) => if chr.is_ascii() {
[INFO] [stdout]     |                   ^
[INFO] [stdout]     |                   |
[INFO] [stdout]     |                   variant or associated item not found in `sexp::Atom`
[INFO] [stdout]     |                   help: there is a variant with a similar name: `S`
[INFO] [stdout] 
[INFO] [stdout] 
[INFO] [stdout] error[E0599]: no variant or associated item named `N` found for enum `sexp::Atom` in the current scope
[INFO] [stdout]    --> src/main.rs:158:37
[INFO] [stdout]     |
[INFO] [stdout] 158 |             if let Sexp::Atom(Atom::N(ref construct)) = head[0] {
[INFO] [stdout]     |                                     ^
[INFO] [stdout]     |                                     |
[INFO] [stdout]     |                                     variant or associated item not found in `sexp::Atom`
[INFO] [stdout]     |                                     help: there is a variant with a similar name: `S`
[INFO] [stdout] 
[INFO] [stdout] 
[INFO] [stdout] error[E0599]: no variant or associated item named `N` found for enum `sexp::Atom` in the current scope
[INFO] [stdout]    --> src/main.rs:206:49
[INFO] [stdout]     |
[INFO] [stdout] 206 |                         if let Sexp::Atom(Atom::N(ref arg)) = *arg {
[INFO] [stdout]     |                                                 ^
[INFO] [stdout]     |                                                 |
[INFO] [stdout]     |                                                 variant or associated item not found in `sexp::Atom`
[INFO] [stdout]     |                                                 help: there is a variant with a similar name: `S`
[INFO] [stdout] 
[INFO] [stdout] 
[INFO] [stdout] error[E0599]: no variant or associated item named `N` found for enum `sexp::Atom` in the current scope
[INFO] [stdout]    --> src/main.rs:215:49
[INFO] [stdout]     |
[INFO] [stdout] 215 |                         if let Sexp::Atom(Atom::N(ref arg)) = *arg {
[INFO] [stdout]     |                                                 ^
[INFO] [stdout]     |                                                 |
[INFO] [stdout]     |                                                 variant or associated item not found in `sexp::Atom`
[INFO] [stdout]     |                                                 help: there is a variant with a similar name: `S`
[INFO] [stdout] 
[INFO] [stdout] 
[INFO] [stdout] error[E0599]: no variant or associated item named `N` found for enum `sexp::Atom` in the current scope
[INFO] [stdout]    --> src/main.rs:230:57
[INFO] [stdout]     |
[INFO] [stdout] 230 |                     let label = if let Sexp::Atom(Atom::N(ref label)) = label[0] {
[INFO] [stdout]     |                                                         ^
[INFO] [stdout]     |                                                         |
[INFO] [stdout]     |                                                         variant or associated item not found in `sexp::Atom`
[INFO] [stdout]     |                                                         help: there is a variant with a similar name: `S`
[INFO] [stdout] 
[INFO] [stdout] 
[INFO] [stdout] error[E0599]: no variant or associated item named `N` found for enum `sexp::Atom` in the current scope
[INFO] [stdout]    --> src/main.rs:341:19
[INFO] [stdout]     |
[INFO] [stdout] 341 |             Atom::N(ref name) => panic!("Unbound name: {}", name),
[INFO] [stdout]     |                   ^
[INFO] [stdout]     |                   |
[INFO] [stdout]     |                   variant or associated item not found in `sexp::Atom`
[INFO] [stdout]     |                   help: there is a variant with a similar name: `S`
[INFO] [stdout] 
[INFO] [stdout] 
[INFO] [stdout] error[E0599]: no variant or associated item named `B` found for enum `sexp::Atom` in the current scope
[INFO] [stdout]    --> src/main.rs:343:19
[INFO] [stdout]     |
[INFO] [stdout] 343 |             Atom::B(true) => 0b10011111,
[INFO] [stdout]     |                   ^
[INFO] [stdout]     |                   |
[INFO] [stdout]     |                   variant or associated item not found in `sexp::Atom`
[INFO] [stdout]     |                   help: there is a variant with a similar name: `S`
[INFO] [stdout] 
[INFO] [stdout] 
[INFO] [stdout] error[E0599]: no variant or associated item named `B` found for enum `sexp::Atom` in the current scope
[INFO] [stdout]    --> src/main.rs:344:19
[INFO] [stdout]     |
[INFO] [stdout] 344 |             Atom::B(false) => 0b00011111,
[INFO] [stdout]     |                   ^
[INFO] [stdout]     |                   |
[INFO] [stdout]     |                   variant or associated item not found in `sexp::Atom`
[INFO] [stdout]     |                   help: there is a variant with a similar name: `S`
[INFO] [stdout] 
[INFO] [stdout] 
[INFO] [stdout] error[E0599]: no variant or associated item named `C` found for enum `sexp::Atom` in the current scope
[INFO] [stdout]    --> src/main.rs:345:19
[INFO] [stdout]     |
[INFO] [stdout] 345 |             Atom::C(chr) => if chr.is_ascii() {
[INFO] [stdout]     |                   ^
[INFO] [stdout]     |                   |
[INFO] [stdout]     |                   variant or associated item not found in `sexp::Atom`
[INFO] [stdout]     |                   help: there is a variant with a similar name: `S`
[INFO] [stdout] 
[INFO] [stdout] 
[INFO] [stdout] error[E0599]: no variant or associated item named `N` found for enum `sexp::Atom` in the current scope
[INFO] [stdout]    --> src/main.rs:549:30
[INFO] [stdout]     |
[INFO] [stdout] 549 |                 if let Atom::N(ref name) = *atom {
[INFO] [stdout]     |                              ^
[INFO] [stdout]     |                              |
[INFO] [stdout]     |                              variant or associated item not found in `sexp::Atom`
[INFO] [stdout]     |                              help: there is a variant with a similar name: `S`
[INFO] [stdout] 
[INFO] [stdout] 
[INFO] [stdout] error[E0599]: no variant or associated item named `N` found for enum `sexp::Atom` in the current scope
[INFO] [stdout]    --> src/main.rs:597:61
[INFO] [stdout]     |
[INFO] [stdout] 597 | ...                   if let Sexp::Atom(Atom::N(ref name)) = *name {
[INFO] [stdout]     |                                               ^
[INFO] [stdout]     |                                               |
[INFO] [stdout]     |                                               variant or associated item not found in `sexp::Atom`
[INFO] [stdout]     |                                               help: there is a variant with a similar name: `S`
[INFO] [stdout] 
[INFO] [stdout] 
[INFO] [stdout] error[E0599]: no variant or associated item named `B` found for enum `sexp::Atom` in the current scope
[INFO] [stdout]    --> src/main.rs:617:82
[INFO] [stdout]     |
[INFO] [stdout] 617 |                         emit!(self, "cmpl ${}, %eax", Self::immediate_rep(&Atom::B(false)));
[INFO] [stdout]     |                                                                                  ^
[INFO] [stdout]     |                                                                                  |
[INFO] [stdout]     |                                                                                  variant or associated item not found in `sexp::Atom`
[INFO] [stdout]     |                                                                                  help: there is a variant with a similar name: `S`
[INFO] [stdout] 
[INFO] [stdout] 
[INFO] [stdout] error[E0599]: no variant or associated item named `N` found for enum `sexp::Atom` in the current scope
[INFO] [stdout]    --> src/main.rs:549:30
[INFO] [stdout]     |
[INFO] [stdout] 549 |                 if let Atom::N(ref name) = *atom {
[INFO] [stdout]     |                              ^
[INFO] [stdout]     |                              |
[INFO] [stdout]     |                              variant or associated item not found in `sexp::Atom`
[INFO] [stdout]     |                              help: there is a variant with a similar name: `S`
[INFO] [stdout] 
[INFO] [stdout] 
[INFO] [stdout] error[E0599]: no variant or associated item named `N` found for enum `sexp::Atom` in the current scope
[INFO] [stdout]    --> src/main.rs:597:61
[INFO] [stdout]     |
[INFO] [stdout] 597 | ...                   if let Sexp::Atom(Atom::N(ref name)) = *name {
[INFO] [stdout]     |                                               ^
[INFO] [stdout]     |                                               |
[INFO] [stdout]     |                                               variant or associated item not found in `sexp::Atom`
[INFO] [stdout]     |                                               help: there is a variant with a similar name: `S`
[INFO] [stdout] 
[INFO] [stdout] 
[INFO] [stdout] error[E0599]: no variant or associated item named `N` found for enum `sexp::Atom` in the current scope
[INFO] [stdout]    --> src/main.rs:716:41
[INFO] [stdout]     |
[INFO] [stdout] 716 |                 if let Sexp::Atom(Atom::N(ref name)) = *name {
[INFO] [stdout]     |                                         ^
[INFO] [stdout]     |                                         |
[INFO] [stdout]     |                                         variant or associated item not found in `sexp::Atom`
[INFO] [stdout]     |                                         help: there is a variant with a similar name: `S`
[INFO] [stdout] 
[INFO] [stdout] 
[INFO] [stdout] error[E0599]: no variant or associated item named `B` found for enum `sexp::Atom` in the current scope
[INFO] [stdout]    --> src/main.rs:617:82
[INFO] [stdout]     |
[INFO] [stdout] 617 |                         emit!(self, "cmpl ${}, %eax", Self::immediate_rep(&Atom::B(false)));
[INFO] [stdout]     |                                                                                  ^
[INFO] [stdout]     |                                                                                  |
[INFO] [stdout]     |                                                                                  variant or associated item not found in `sexp::Atom`
[INFO] [stdout]     |                                                                                  help: there is a variant with a similar name: `S`
[INFO] [stdout] 
[INFO] [stdout] 
[INFO] [stdout] warning: unused import: `std::ascii::AsciiExt`
[INFO] [stdout]    --> src/main.rs:332:13
[INFO] [stdout]     |
[INFO] [stdout] 332 |         use std::ascii::AsciiExt;
[INFO] [stdout]     |             ^^^^^^^^^^^^^^^^^^^^
[INFO] [stdout] 
[INFO] [stdout] 
[INFO] [stdout] error: aborting due to 12 previous errors; 3 warnings emitted
[INFO] [stdout] 
[INFO] [stdout] 
[INFO] [stdout] For more information about this error, try `rustc --explain E0599`.
[INFO] [stdout] 
[INFO] [stdout] error[E0599]: no variant or associated item named `N` found for enum `sexp::Atom` in the current scope
[INFO] [stdout]    --> src/main.rs:716:41
[INFO] [stdout]     |
[INFO] [stdout] 716 |                 if let Sexp::Atom(Atom::N(ref name)) = *name {
[INFO] [stdout]     |                                         ^
[INFO] [stdout]     |                                         |
[INFO] [stdout]     |                                         variant or associated item not found in `sexp::Atom`
[INFO] [stdout]     |                                         help: there is a variant with a similar name: `S`
[INFO] [stdout] 
[INFO] [stdout] 
[INFO] [stderr] error: could not compile `incrementalrust`.
[INFO] [stderr] 
[INFO] [stderr] To learn more, run the command again with --verbose.
[INFO] [stderr] warning: build failed, waiting for other jobs to finish...
[INFO] [stdout] warning: unused import: `std::ascii::AsciiExt`
[INFO] [stdout]    --> src/main.rs:332:13
[INFO] [stdout]     |
[INFO] [stdout] 332 |         use std::ascii::AsciiExt;
[INFO] [stdout]     |             ^^^^^^^^^^^^^^^^^^^^
[INFO] [stdout] 
[INFO] [stdout] 
[INFO] [stdout] error: aborting due to 12 previous errors; 3 warnings emitted
[INFO] [stdout] 
[INFO] [stdout] 
[INFO] [stdout] For more information about this error, try `rustc --explain E0599`.
[INFO] [stdout] 
[INFO] [stderr] error: build failed
[INFO] running `Command { std: "docker" "inspect" "7d4211bbf31154569946983367df3ea5f68b8ef9a55f8d0e88de3a2f135dee1d", kill_on_drop: false }`
[INFO] running `Command { std: "docker" "rm" "-f" "7d4211bbf31154569946983367df3ea5f68b8ef9a55f8d0e88de3a2f135dee1d", kill_on_drop: false }`
[INFO] [stdout] 7d4211bbf31154569946983367df3ea5f68b8ef9a55f8d0e88de3a2f135dee1d
